[INFO] fetching crate parker 0.0.0...
[INFO] checking parker-0.0.0 against try#72f88fc4e9458f89516a0b8b0868f3718aec5b47 for pr-74989
[INFO] extracting crate parker 0.0.0 into /workspace/builds/worker-8/source
[INFO] validating manifest of crates.io crate parker 0.0.0 on toolchain 72f88fc4e9458f89516a0b8b0868f3718aec5b47
[INFO] running `Command { std: "/workspace/cargo-home/bin/cargo" "+72f88fc4e9458f89516a0b8b0868f3718aec5b47" "read-manifest" "--manifest-path" "Cargo.toml", kill_on_drop: false }`
[INFO] started tweaking crates.io crate parker 0.0.0
[INFO] finished tweaking crates.io crate parker 0.0.0
[INFO] tweaked toml for crates.io crate parker 0.0.0 written to /workspace/builds/worker-8/source/Cargo.toml
[INFO] running `Command { std: "/workspace/cargo-home/bin/cargo" "+72f88fc4e9458f89516a0b8b0868f3718aec5b47" "generate-lockfile" "--manifest-path" "Cargo.toml" "-Zno-index-update", kill_on_drop: false }`
[INFO] running `Command { std: "/workspace/cargo-home/bin/cargo" "+72f88fc4e9458f89516a0b8b0868f3718aec5b47" "fetch" "--locked" "--manifest-path" "Cargo.toml", kill_on_drop: false }`
[INFO] [stderr]  Downloading crates ...
[INFO] [stderr]   Downloaded parker_codegen v0.0.0
[INFO] running `Command { std: "docker" "create" "-v" "/var/lib/crater-agent-workspace/builds/worker-8/target:/opt/rustwide/target:rw,Z" "-v" "/var/lib/crater-agent-workspace/builds/worker-8/source:/opt/rustwide/workdir:ro,Z" "-v" "/var/lib/crater-agent-workspace/cargo-home:/opt/rustwide/cargo-home:ro,Z" "-v" "/var/lib/crater-agent-workspace/rustup-home:/opt/rustwide/rustup-home:ro,Z" "-e" "SOURCE_DIR=/opt/rustwide/workdir" "-e" "CARGO_TARGET_DIR=/opt/rustwide/target" "-e" "CARGO_HOME=/opt/rustwide/cargo-home" "-e" "RUSTUP_HOME=/opt/rustwide/rustup-home" "-w" "/opt/rustwide/workdir" "-m" "1610612736" "--user" "0:0" "--network" "none" "rustops/crates-build-env@sha256:d92eaeed33fa75130ca1ee6c8a01d1ffb62bac859dfdfb3450e3e5d1c0146529" "/opt/rustwide/cargo-home/bin/cargo" "+72f88fc4e9458f89516a0b8b0868f3718aec5b47" "metadata" "--no-deps" "--format-version=1", kill_on_drop: false }`
[INFO] [stdout] fbde5de6a98fb3be084586831d393c9d47cbc1109de86f64e932b621a044d918
[INFO] [stderr] WARNING: Your kernel does not support swap limit capabilities or the cgroup is not mounted. Memory limited without swap.
[INFO] running `Command { std: "docker" "start" "-a" "fbde5de6a98fb3be084586831d393c9d47cbc1109de86f64e932b621a044d918", kill_on_drop: false }`
[INFO] running `Command { std: "docker" "inspect" "fbde5de6a98fb3be084586831d393c9d47cbc1109de86f64e932b621a044d918", kill_on_drop: false }`
[INFO] running `Command { std: "docker" "rm" "-f" "fbde5de6a98fb3be084586831d393c9d47cbc1109de86f64e932b621a044d918", kill_on_drop: false }`
[INFO] [stdout] fbde5de6a98fb3be084586831d393c9d47cbc1109de86f64e932b621a044d918
[INFO] running `Command { std: "docker" "create" "-v" "/var/lib/crater-agent-workspace/builds/worker-8/target:/opt/rustwide/target:rw,Z" "-v" "/var/lib/crater-agent-workspace/builds/worker-8/source:/opt/rustwide/workdir:ro,Z" "-v" "/var/lib/crater-agent-workspace/cargo-home:/opt/rustwide/cargo-home:ro,Z" "-v" "/var/lib/crater-agent-workspace/rustup-home:/opt/rustwide/rustup-home:ro,Z" "-e" "SOURCE_DIR=/opt/rustwide/workdir" "-e" "CARGO_TARGET_DIR=/opt/rustwide/target" "-e" "CARGO_INCREMENTAL=0" "-e" "RUST_BACKTRACE=full" "-e" "RUSTFLAGS=--cap-lints=forbid" "-e" "CARGO_HOME=/opt/rustwide/cargo-home" "-e" "RUSTUP_HOME=/opt/rustwide/rustup-home" "-w" "/opt/rustwide/workdir" "-m" "1610612736" "--user" "0:0" "--network" "none" "rustops/crates-build-env@sha256:d92eaeed33fa75130ca1ee6c8a01d1ffb62bac859dfdfb3450e3e5d1c0146529" "/opt/rustwide/cargo-home/bin/cargo" "+72f88fc4e9458f89516a0b8b0868f3718aec5b47" "check" "--frozen" "--all" "--all-targets" "--message-format=json", kill_on_drop: false }`
[INFO] [stdout] 6df98cf32034e1ae20ddab70cfbec707b2eacabb246a53183cd36980e7b2c469
[INFO] [stderr] WARNING: Your kernel does not support swap limit capabilities or the cgroup is not mounted. Memory limited without swap.
[INFO] running `Command { std: "docker" "start" "-a" "6df98cf32034e1ae20ddab70cfbec707b2eacabb246a53183cd36980e7b2c469", kill_on_drop: false }`
[INFO] [stderr]     Checking cfg-if v0.1.10
[INFO] [stderr]    Compiling version_check v0.9.2
[INFO] [stderr]    Compiling proc-macro2 v1.0.21
[INFO] [stderr]    Compiling unicode-xid v0.2.1
[INFO] [stderr]    Compiling getrandom v0.1.15
[INFO] [stderr]    Compiling syn v0.15.44
[INFO] [stderr]    Compiling serde_derive v1.0.116
[INFO] [stderr]    Compiling bitflags v1.2.1
[INFO] [stderr]     Checking lazy_static v1.4.0
[INFO] [stderr]    Compiling memchr v2.3.3
[INFO] [stderr]    Compiling httparse v1.3.4
[INFO] [stderr]     Checking hashbrown v0.9.0
[INFO] [stderr]    Compiling ryu v1.0.5
[INFO] [stderr]     Checking tinyvec v0.3.4
[INFO] [stderr]     Checking matches v0.1.8
[INFO] [stderr]     Checking subtle v2.3.0
[INFO] [stderr]    Compiling ppv-lite86 v0.2.9
[INFO] [stderr]     Checking byte-tools v0.2.0
[INFO] [stderr]     Checking percent-encoding v1.0.1
[INFO] [stderr]     Checking adler v0.2.3
[INFO] [stderr]     Checking base64 v0.12.3
[INFO] [stderr]    Compiling cc v1.0.59
[INFO] [stderr]    Compiling smallvec v1.4.2
[INFO] [stderr]    Compiling regex v0.2.11
[INFO] [stderr]     Checking percent-encoding v2.1.0
[INFO] [stderr]     Checking ucd-util v0.1.8
[INFO] [stderr]     Checking slab v0.4.2
[INFO] [stderr]     Checking md5 v0.3.8
[INFO] [stderr]     Checking unicode-xid v0.1.0
[INFO] [stderr]     Checking regex-syntax v0.6.18
[INFO] [stderr]     Checking deunicode v0.4.3
[INFO] [stderr]     Checking same-file v1.0.6
[INFO] [stderr]     Checking lazycell v1.3.0
[INFO] [stderr]     Checking yansi v0.5.0
[INFO] [stderr]     Checking glob v0.2.11
[INFO] [stderr]     Checking humansize v1.1.0
[INFO] [stderr]    Compiling pulldown-cmark v0.1.2
[INFO] [stderr]     Checking untrusted v0.6.2
[INFO] [stderr]     Checking data-encoding v2.3.0
[INFO] [stderr]     Checking bitflags v0.9.1
[INFO] [stderr]     Checking separator v0.3.1
[INFO] [stderr]     Checking bufstream v0.1.4
[INFO] [stderr]    Compiling indexmap v1.6.0
[INFO] [stderr]    Compiling num-integer v0.1.43
[INFO] [stderr]     Checking rand_core v0.3.1
[INFO] [stderr]     Checking unicode-bidi v0.3.4
[INFO] [stderr]     Checking thread_local v0.3.6
[INFO] [stderr]     Checking thread_local v1.0.1
[INFO] [stderr]     Checking block-buffer v0.3.3
[INFO] [stderr]     Checking miniz_oxide v0.4.1
[INFO] [stderr]     Checking unicode-normalization v0.1.13
[INFO] [stderr]    Compiling pear_codegen v0.1.4
[INFO] [stderr]    Compiling rocket_codegen v0.4.5
[INFO] [stderr]    Compiling error-chain v0.12.4
[INFO] [stderr]    Compiling rocket v0.4.5
[INFO] [stderr]     Checking regex-syntax v0.5.6
[INFO] [stderr]     Checking semver v0.8.0
[INFO] [stderr]     Checking walkdir v2.3.1
[INFO] [stderr]     Checking slug v0.1.4
[INFO] [stderr]    Compiling typenum v1.12.0
[INFO] [stderr]    Compiling libc v0.2.77
[INFO] [stderr]    Compiling byteorder v1.3.4
[INFO] [stderr]     Checking log v0.4.11
[INFO] [stderr]    Compiling proc-macro2 v0.4.30
[INFO] [stderr]     Checking rand_isaac v0.1.1
[INFO] [stderr]     Checking rand_xorshift v0.1.1
[INFO] [stderr]     Checking rand_hc v0.1.0
[INFO] [stderr]     Checking generic-array v0.9.0
[INFO] [stderr]     Checking iovec v0.1.4
[INFO] [stderr]     Checking net2 v0.2.35
[INFO] [stderr]     Checking rand v0.5.6
[INFO] [stderr]     Checking num_cpus v1.13.0
[INFO] [stderr]     Checking inotify-sys v0.1.3
[INFO] [stderr]     Checking hostname v0.1.5
[INFO] [stderr]     Checking filetime v0.2.12
[INFO] [stderr]     Checking atty v0.2.14
[INFO] [stderr]     Checking base64 v0.9.3
[INFO] [stderr]     Checking base64 v0.10.1
[INFO] [stderr]     Checking rand_chacha v0.1.1
[INFO] [stderr]    Compiling log v0.3.9
[INFO] [stderr]     Checking universal-hash v0.3.0
[INFO] [stderr]     Checking block-buffer v0.7.3
[INFO] [stderr]     Checking aho-corasick v0.7.13
[INFO] [stderr]     Checking aho-corasick v0.6.10
[INFO] [stderr]     Checking backtrace v0.3.50
[INFO] [stderr]     Checking inotify v0.7.1
[INFO] [stderr]     Checking rand_core v0.5.1
[INFO] [stderr]     Checking digest v0.7.6
[INFO] [stderr]     Checking crypto-mac v0.6.2
[INFO] [stderr]    Compiling quote v0.6.13
[INFO] [stderr]     Checking mio v0.6.22
[INFO] [stderr]    Compiling time v0.1.44
[INFO] [stderr]     Checking idna v0.1.5
[INFO] [stderr]     Checking aes-soft v0.3.3
[INFO] [stderr]     Checking blowfish v0.4.0
[INFO] [stderr]     Checking rand v0.6.5
[INFO] [stderr]    Compiling quote v1.0.7
[INFO] [stderr]     Checking polyval v0.3.3
[INFO] [stderr]    Compiling mime v0.2.6
[INFO] [stderr]     Checking sha2 v0.8.2
[INFO] [stderr]    Compiling generic-array v0.12.3
[INFO] [stderr]     Checking sha2 v0.7.1
[INFO] [stderr]     Checking md-5 v0.7.0
[INFO] [stderr]     Checking sha-1 v0.7.0
[INFO] [stderr]     Checking hmac v0.6.3
[INFO] [stderr]     Checking rand_chacha v0.2.2
[INFO] [stderr]    Compiling ring v0.13.5
[INFO] [stderr]     Checking aes v0.3.2
[INFO] [stderr]     Checking chrono v0.4.15
[INFO] [stderr]     Checking ghash v0.2.3
[INFO] [stderr]     Checking regex v1.3.9
[INFO] [stderr]    Compiling syn v1.0.40
[INFO] [stderr]    Compiling hyper v0.10.16
[INFO] [stderr]     Checking pbkdf2 v0.2.3
[INFO] [stderr]     Checking url v1.7.2
[INFO] [stderr]    Compiling digest v0.8.1
[INFO] [stderr]    Compiling block-cipher-trait v0.6.2
[INFO] [stderr]    Compiling crypto-mac v0.7.0
[INFO] [stderr]    Compiling aead v0.2.0
[INFO] [stderr]     Checking aes-gcm v0.5.0
[INFO] [stderr]     Checking rand v0.7.3
[INFO] [stderr]    Compiling hmac v0.7.1
[INFO] [stderr]     Checking mio-extras v2.0.6
[INFO] [stderr]    Compiling hkdf v0.8.0
[INFO] [stderr]     Checking notify v4.0.15
[INFO] [stderr]     Checking bcrypt v0.2.2
[INFO] [stderr]     Checking cookie v0.11.3
[INFO] [stderr]     Checking scan_fmt v0.1.3
[INFO] [stderr]    Compiling pest_generator v2.1.3
[INFO] [stderr]    Compiling pest_derive v2.1.0
[INFO] [stderr]    Compiling devise_core v0.2.0
[INFO] [stderr]    Compiling devise_codegen v0.2.0
[INFO] [stderr]    Compiling parker_codegen v0.0.0
[INFO] [stderr]     Checking serde v1.0.116
[INFO] [stderr]    Compiling devise v0.2.0
[INFO] [stderr]    Compiling pear v0.1.4
[INFO] [stderr]    Compiling rocket_http v0.4.5
[INFO] [stderr]     Checking serde_json v1.0.57
[INFO] [stderr]     Checking toml v0.4.10
[INFO] [stderr]     Checking textnonce v0.6.5
[INFO] [stderr]     Checking bson v0.13.0
[INFO] [stderr]     Checking tera v0.11.20
[INFO] [stderr]     Checking jsonwebtoken v5.0.1
[INFO] [stderr]     Checking bson v0.12.3
[INFO] [stderr]     Checking mongodb v0.3.12
[INFO] [stderr]     Checking rocket_contrib v0.4.5
[INFO] [stderr]     Checking parker v0.0.0 (/opt/rustwide/workdir)
[INFO] [stdout] error[E0308]: mismatched types
[INFO] [stdout]   --> src/doc.rs:46:28
[INFO] [stdout]    |
[INFO] [stdout] 46 |             .find_one(Some(Self::gen_query(query_data)), None)?;
[INFO] [stdout]    |                            ^^^^^^^^^^^^^^^^^^^^^^^^^^^ expected struct `mongodb::ordered::OrderedDocument`, found struct `bson::ordered::OrderedDocument`
[INFO] [stdout]    |
[INFO] [stdout]    = note: perhaps two different versions of crate `bson` are being used?
[INFO] [stdout] 
[INFO] [stdout] 
[INFO] [stdout] error[E0599]: no method named `unwrap` found for struct `rocket::Config` in the current scope
[INFO] [stdout]    --> src/config.rs:111:70
[INFO] [stdout]     |
[INFO] [stdout] 111 |         let rocket_cfg = RocketConfig::new(Environment::Development).unwrap();
[INFO] [stdout]     |                                                                      ^^^^^^ method not found in `rocket::Config`
[INFO] [stdout] 
[INFO] [stdout] 
[INFO] [stdout] error[E0308]: mismatched types
[INFO] [stdout]   --> src/doc.rs:49:47
[INFO] [stdout]    |
[INFO] [stdout] 49 |             Some(doc) => Some(Self::from_bson(doc)?),
[INFO] [stdout]    |                                               ^^^ expected struct `bson::ordered::OrderedDocument`, found struct `mongodb::ordered::OrderedDocument`
[INFO] [stdout]    |
[INFO] [stdout]    = note: perhaps two different versions of crate `bson` are being used?
[INFO] [stdout] 
[INFO] [stdout] 
[INFO] [stdout] error[E0308]: mismatched types
[INFO] [stdout]   --> src/doc.rs:46:28
[INFO] [stdout]    |
[INFO] [stdout] 46 |             .find_one(Some(Self::gen_query(query_data)), None)?;
[INFO] [stdout]    |                            ^^^^^^^^^^^^^^^^^^^^^^^^^^^ expected struct `mongodb::ordered::OrderedDocument`, found struct `bson::ordered::OrderedDocument`
[INFO] [stdout]    |
[INFO] [stdout]    = note: perhaps two different versions of crate `bson` are being used?
[INFO] [stdout] 
[INFO] [stdout] 
[INFO] [stdout] error[E0308]: mismatched types
[INFO] [stdout]   --> src/doc.rs:56:42
[INFO] [stdout]    |
[INFO] [stdout] 56 |         Ok(Self::get_coll(db).insert_one(self.to_bson(), None)?)
[INFO] [stdout]    |                                          ^^^^^^^^^^^^^^ expected struct `mongodb::ordered::OrderedDocument`, found struct `bson::ordered::OrderedDocument`
[INFO] [stdout]    |
[INFO] [stdout]    = note: perhaps two different versions of crate `bson` are being used?
[INFO] [stdout] 
[INFO] [stdout] 
[INFO] [stdout] error[E0308]: mismatched types
[INFO] [stdout]   --> src/query.rs:16:22
[INFO] [stdout]    |
[INFO] [stdout] 16 |         Ok(coll.find(self.0, self.1)?)
[INFO] [stdout]    |                      ^^^^^^ expected struct `mongodb::ordered::OrderedDocument`, found struct `bson::ordered::OrderedDocument`
[INFO] [stdout]    |
[INFO] [stdout]    = note: expected enum `std::option::Option<mongodb::ordered::OrderedDocument>`
[INFO] [stdout]               found enum `std::option::Option<bson::ordered::OrderedDocument>`
[INFO] [stdout]    = note: perhaps two different versions of crate `bson` are being used?
[INFO] [stdout] 
[INFO] [stdout] 
[INFO] [stdout] warning: use of deprecated associated function `std::error::Error::description`: use the Display impl or to_string()
[INFO] [stdout]   --> src/user.rs:26:45
[INFO] [stdout]    |
[INFO] [stdout] 26 |         .map_err(|err| D::Error::custom(err.description()))
[INFO] [stdout]    |                                             ^^^^^^^^^^^
[INFO] [stdout]    |
[INFO] [stdout]    = note: `#[warn(deprecated)]` on by default
[INFO] [stdout] 
[INFO] [stdout] 
[INFO] [stdout] error[E0631]: type mismatch in function arguments
[INFO] [stdout]   --> src/view.rs:28:46
[INFO] [stdout]    |
[INFO] [stdout] 28 |             .map(|doc_result| doc_result.map(Bson::Document))
[INFO] [stdout]    |                                              ^^^^^^^^^^^^^^
[INFO] [stdout]    |                                              |
[INFO] [stdout]    |                                              expected signature of `fn(mongodb::ordered::OrderedDocument) -> _`
[INFO] [stdout]    |                                              found signature of `fn(bson::ordered::OrderedDocument) -> _`
[INFO] [stdout] 
[INFO] [stdout] 
[INFO] [stdout] error: aborting due to 5 previous errors; 1 warning emitted
[INFO] [stdout] 
[INFO] [stdout] 
[INFO] [stdout] Some errors have detailed explanations: E0308, E0631.
[INFO] [stdout] 
[INFO] [stdout] For more information about an error, try `rustc --explain E0308`.
[INFO] [stdout] 
[INFO] [stderr] error: could not compile `parker`.
[INFO] [stderr] 
[INFO] [stderr] To learn more, run the command again with --verbose.
[INFO] [stderr] warning: build failed, waiting for other jobs to finish...
[INFO] [stdout] error[E0308]: mismatched types
[INFO] [stdout]   --> src/doc.rs:49:47
[INFO] [stdout]    |
[INFO] [stdout] 49 |             Some(doc) => Some(Self::from_bson(doc)?),
[INFO] [stdout]    |                                               ^^^ expected struct `bson::ordered::OrderedDocument`, found struct `mongodb::ordered::OrderedDocument`
[INFO] [stdout]    |
[INFO] [stdout]    = note: perhaps two different versions of crate `bson` are being used?
[INFO] [stdout] 
[INFO] [stdout] 
[INFO] [stdout] error[E0308]: mismatched types
[INFO] [stdout]   --> src/doc.rs:56:42
[INFO] [stdout]    |
[INFO] [stdout] 56 |         Ok(Self::get_coll(db).insert_one(self.to_bson(), None)?)
[INFO] [stdout]    |                                          ^^^^^^^^^^^^^^ expected struct `mongodb::ordered::OrderedDocument`, found struct `bson::ordered::OrderedDocument`
[INFO] [stdout]    |
[INFO] [stdout]    = note: perhaps two different versions of crate `bson` are being used?
[INFO] [stdout] 
[INFO] [stdout] 
[INFO] [stdout] error[E0308]: mismatched types
[INFO] [stdout]   --> src/query.rs:16:22
[INFO] [stdout]    |
[INFO] [stdout] 16 |         Ok(coll.find(self.0, self.1)?)
[INFO] [stdout]    |                      ^^^^^^ expected struct `mongodb::ordered::OrderedDocument`, found struct `bson::ordered::OrderedDocument`
[INFO] [stdout]    |
[INFO] [stdout]    = note: expected enum `std::option::Option<mongodb::ordered::OrderedDocument>`
[INFO] [stdout]               found enum `std::option::Option<bson::ordered::OrderedDocument>`
[INFO] [stdout]    = note: perhaps two different versions of crate `bson` are being used?
[INFO] [stdout] 
[INFO] [stdout] 
[INFO] [stdout] warning: use of deprecated associated function `std::error::Error::description`: use the Display impl or to_string()
[INFO] [stdout]   --> src/user.rs:26:45
[INFO] [stdout]    |
[INFO] [stdout] 26 |         .map_err(|err| D::Error::custom(err.description()))
[INFO] [stdout]    |                                             ^^^^^^^^^^^
[INFO] [stdout]    |
[INFO] [stdout]    = note: `#[warn(deprecated)]` on by default
[INFO] [stdout] 
[INFO] [stdout] 
[INFO] [stdout] error[E0631]: type mismatch in function arguments
[INFO] [stdout]   --> src/view.rs:28:46
[INFO] [stdout]    |
[INFO] [stdout] 28 |             .map(|doc_result| doc_result.map(Bson::Document))
[INFO] [stdout]    |                                              ^^^^^^^^^^^^^^
[INFO] [stdout]    |                                              |
[INFO] [stdout]    |                                              expected signature of `fn(mongodb::ordered::OrderedDocument) -> _`
[INFO] [stdout]    |                                              found signature of `fn(bson::ordered::OrderedDocument) -> _`
[INFO] [stdout] 
[INFO] [stdout] 
[INFO] [stdout] error: aborting due to 6 previous errors; 1 warning emitted
[INFO] [stdout] 
[INFO] [stdout] 
[INFO] [stdout] Some errors have detailed explanations: E0308, E0599, E0631.
[INFO] [stdout] 
[INFO] [stdout] For more information about an error, try `rustc --explain E0308`.
[INFO] [stdout] 
[INFO] [stderr] error: build failed
[INFO] running `Command { std: "docker" "inspect" "6df98cf32034e1ae20ddab70cfbec707b2eacabb246a53183cd36980e7b2c469", kill_on_drop: false }`
[INFO] running `Command { std: "docker" "rm" "-f" "6df98cf32034e1ae20ddab70cfbec707b2eacabb246a53183cd36980e7b2c469", kill_on_drop: false }`
[INFO] [stdout] 6df98cf32034e1ae20ddab70cfbec707b2eacabb246a53183cd36980e7b2c469
